{"id":5689,"date":"2019-10-02T10:51:46","date_gmt":"2019-10-02T10:51:46","guid":{"rendered":"https:\/\/www.xn--die-pfeffermhlen-uzb.de\/?page_id=5689"},"modified":"2020-12-11T15:17:57","modified_gmt":"2020-12-11T15:17:57","slug":"cookies","status":"publish","type":"page","link":"https:\/\/www.xn--die-pfeffermhlen-uzb.de\/en\/cookies\/","title":{"rendered":"COOKIES"},"content":{"rendered":"<p class=\"qtranxs-available-languages-message qtranxs-available-languages-message-en\">Sorry, this entry is only available in <a href=\"https:\/\/www.xn--die-pfeffermhlen-uzb.de\/de\/wp-json\/wp\/v2\/pages\/5689\" class=\"qtranxs-available-language-link qtranxs-available-language-link-de\" title=\"Deutsch\">German<\/a>. For the sake of viewer convenience, the content is shown below in the alternative language. You may click the link to switch the active language.<\/p><p><div id=\"metaslider-id-3398\" style=\"max-width: 700px;\" class=\"ml-slider-3-108-0 metaslider metaslider-flex metaslider-3398 ml-slider ms-theme-default nav-hidden\" role=\"region\" aria-label=\"Neue Diashow\" data-height=\"450\" data-width=\"700\">\n    <div id=\"metaslider_container_3398\">\n        <div id=\"metaslider_3398\" class=\"flexslider\">\n            <ul class='slides'>\n                <li style=\"display: block; width: 100%;\" class=\"slide-3399 ms-image \" aria-roledescription=\"slide\" data-date=\"2016-03-08 17:40:37\" data-filename=\"2-unikate.png\" data-slide-type=\"image\"><img src=\"https:\/\/www.xn--die-pfeffermhlen-uzb.de\/wp-content\/uploads\/2016\/03\/2-unikate.png\" height=\"450\" width=\"700\" alt=\"Woodandform Salz- und Pfefferm\u00fchlen \u2013 Unikate in Handarbeit\" class=\"slider-3398 slide-3399 msDefaultImage\" title=\"Woodandform Salz- und Pfefferm\u00fchlen \u2013 Unikate in Handarbeit\" \/><\/li>\n                <li style=\"display: none; width: 100%;\" class=\"slide-3400 ms-image \" aria-roledescription=\"slide\" data-date=\"2016-03-08 17:40:38\" data-filename=\"2-startmuehle.png\" data-slide-type=\"image\"><img src=\"https:\/\/www.xn--die-pfeffermhlen-uzb.de\/wp-content\/uploads\/2016\/03\/2-startmuehle.png\" height=\"450\" width=\"700\" alt=\"Woodandform Salz- und Pfefferm\u00fchlen \u2013 Unikate aus edlem Holz\" class=\"slider-3398 slide-3400 msDefaultImage\" title=\"Woodandform Salz- und Pfefferm\u00fchlen \u2013 Unikate aus edlem Holz\" \/><\/li>\n                <li style=\"display: none; width: 100%;\" class=\"slide-3401 ms-image \" aria-roledescription=\"slide\" data-date=\"2016-03-08 17:40:40\" data-filename=\"2-pfeffer.png\" data-slide-type=\"image\"><img src=\"https:\/\/www.xn--die-pfeffermhlen-uzb.de\/wp-content\/uploads\/2016\/03\/2-pfeffer.png\" height=\"450\" width=\"700\" alt=\"Woodandform Salz- und Pfefferm\u00fchlen \u2013 Keramikmahlwerk einfach zubef\u00fcllen\" class=\"slider-3398 slide-3401 msDefaultImage\" title=\"Woodandform Salz- und Pfefferm\u00fchlen \u2013 Keramikmahlwerk einfach zubef\u00fcllen\" \/><\/li>\n                <li style=\"display: none; width: 100%;\" class=\"slide-3402 ms-image \" aria-roledescription=\"slide\" data-date=\"2016-03-08 17:40:41\" data-filename=\"2-mahlwerk.png\" data-slide-type=\"image\"><img src=\"https:\/\/www.xn--die-pfeffermhlen-uzb.de\/wp-content\/uploads\/2016\/03\/2-mahlwerk.png\" height=\"450\" width=\"700\" alt=\"Woodandform Salz- und Pfefferm\u00fchlen \u2013 mit hochwertigem Keramikmahlwerk \" class=\"slider-3398 slide-3402 msDefaultImage\" title=\"Woodandform Salz- und Pfefferm\u00fchlen \u2013 mit hochwertigem Keramikmahlwerk \" \/><\/li>\n                <li style=\"display: none; width: 100%;\" class=\"slide-3403 ms-image \" aria-roledescription=\"slide\" data-date=\"2016-03-08 17:40:43\" data-filename=\"2-grundform.png\" data-slide-type=\"image\"><img src=\"https:\/\/www.xn--die-pfeffermhlen-uzb.de\/wp-content\/uploads\/2016\/03\/2-grundform.png\" height=\"450\" width=\"700\" alt=\"Woodandform Salz- und Pfefferm\u00fchlen \u2013 mit quadratischer Grundform\" class=\"slider-3398 slide-3403 msDefaultImage\" title=\"Woodandform Salz- und Pfefferm\u00fchlen \u2013 mit quadratischer Grundform\" \/><\/li>\n                <li style=\"display: none; width: 100%;\" class=\"slide-3404 ms-image \" aria-roledescription=\"slide\" data-date=\"2016-03-08 17:40:44\" data-filename=\"2-amboina.png\" data-slide-type=\"image\"><img src=\"https:\/\/www.xn--die-pfeffermhlen-uzb.de\/wp-content\/uploads\/2016\/03\/2-amboina.png\" height=\"450\" width=\"700\" alt=\"\" class=\"slider-3398 slide-3404 msDefaultImage\" \/><\/li>\n            <\/ul>\n        <\/div>\n        \n    <\/div>\n<\/div><\/p>\n<h1>Cookies<\/h1>\n<p><strong>Wir als Webseitenbetreiber<\/strong> sind gesetzlich verpflichtet Sie (die Nutzer unserer Webseite) \u00fcber die <strong>Nutzung von Cookies zu informieren<\/strong> und <strong>Ihre Zustimmung<\/strong> zu dieser Nutzung durch eine <strong>eindeutige Handlung<\/strong>, also das Anklicken einer Zustimmung, einzuholen. Andernfalls d\u00fcrfen keine Cookies verwendet werden und die Nutzung der Webseite wird durch Ihren Browser eingeschr\u00e4nkt. Der Informationspflicht kommen wir durch den sog. Cookie-Hinweis oder Cookie-Banner nach. Dieser erscheint bei der erstmaligen Nutzung unserer Webseite.<\/p>\n<p>\u00dcber die <strong>Verwendung von Cookies<\/strong> auf Webseiten gibt es viele Unklarheiten. Cookies sind kleine Textinformationen, die <strong>durch Ihren Browser auf dem PC des Nutzers gespeichert<\/strong> werden. Ein Cookie wird genutzt, um mit einer Website verbundene Informationen f\u00fcr einige Zeit lokal auf dem Computer des Nutzers zu speichern und dem Server auf Anfrage wieder zu \u00fcbermitteln. Dadurch kann der Anwender die Website f\u00fcr sich individualisieren. Cookies k\u00f6nnen au\u00dferdem verwendet werden, um Besucher zu authentifizieren, mit ihnen wird ein Sitzungsbezeichner (engl. Session-ID) gespeichert.<\/p>\n<p><strong>Wir haben pers\u00f6nlich keinen Zugriff auf Daten aus Cookies.<\/strong><\/p>\n<p>Ein Cookie enth\u00e4lt normalerweise eine Angabe \u00fcber die Lebensdauer der Textdatei sowie eine zuf\u00e4llig generierte Nummer, \u00fcber die Ihr Computer wiedererkannt wird. In der Regel erfolgt die Datenspeicherung von Cookies anonymisiert auf den PC des Nutzers. Personenbezogene Daten k\u00f6nnen nur dann gesammelt werden, wenn die entsprechende Seite ein Log-in (Registrierung) erfordert.<\/p>\n<h2>Auf unserer Webseite k\u00f6nnen grunds\u00e4tzlich alle Funktionen ohne Registrierung genutzt werden.<\/h2>\n<p>Als Webseitenbetreiber k\u00f6nnen wir diese auf Technologie nicht nutzen um personenbezogene Daten zu speichern. Wir haben keinen pers\u00f6nlichen Zugriff auf die Informationen der Cookies, da sie durch den Browser auf dem PC des Nutzers gespeichert werden.<\/p>\n<p><a href=\"https:\/\/www.xn--die-pfeffermhlen-uzb.de\/wp-content\/uploads\/2019\/10\/Cookies-und-Woodandform-Salz-und-Pfeffermu\u0308hlen.jpg\"><img decoding=\"async\" loading=\"lazy\" class=\"alignleft wp-image-6543 size-medium\" title=\"Cookies - Warnhinweis und Verwendung bei Woodandform - Der M\u00fchlenManufaktur\" src=\"https:\/\/www.xn--die-pfeffermhlen-uzb.de\/wp-content\/uploads\/2019\/10\/Cookies-und-Woodandform-Salz-und-Pfeffermu\u0308hlen-210x300.jpg\" alt=\"Cookies - Warnhinweis und Verwendung bei Woodandform - Der M\u00fchlenManufaktur\" width=\"210\" height=\"300\" srcset=\"https:\/\/www.xn--die-pfeffermhlen-uzb.de\/wp-content\/uploads\/2019\/10\/Cookies-und-Woodandform-Salz-und-Pfeffermu\u0308hlen-210x300.jpg 210w, https:\/\/www.xn--die-pfeffermhlen-uzb.de\/wp-content\/uploads\/2019\/10\/Cookies-und-Woodandform-Salz-und-Pfeffermu\u0308hlen-350x500.jpg 350w, https:\/\/www.xn--die-pfeffermhlen-uzb.de\/wp-content\/uploads\/2019\/10\/Cookies-und-Woodandform-Salz-und-Pfeffermu\u0308hlen-500x714.jpg 500w, https:\/\/www.xn--die-pfeffermhlen-uzb.de\/wp-content\/uploads\/2019\/10\/Cookies-und-Woodandform-Salz-und-Pfeffermu\u0308hlen.jpg 560w\" sizes=\"(max-width: 210px) 100vw, 210px\" \/><\/a>F\u00fcr <strong>Nutzer unseres Online-Shops<\/strong> wird ein Cookie zur kurzzeitigen <strong>Speicherung eines Warenkorbes<\/strong> genutzt. Der Browser auf Ihrem PC kann durch ein Cookie dem Online-Shop zur\u00fcck melden welche Artikel, ein Kunde in den virtuellen Warenkorb gelegt hat. Ohne diese Technik w\u00e4re die Nutzung des Online-Shops technisch nicht m\u00f6glich. Da dieser Cookie durch den Browser des Nutzers auch auf dessen Computer gespeichert werden k\u00f6nnen Sie die <strong>Nutzung und Speicherung von Cookies<\/strong> in den Einstellungen Ihres Internet-Browsers grunds\u00e4tzlich <strong>abstellen, selber regulieren oder l\u00f6schen.<\/strong><\/p>\n<p><strong>Falls Sie der Nutzung von Cookies nicht zustimmen, m\u00fcssen Sie unbedingt die Verwendung von Cookies in den Einstellungen Ihres jeweiligen Browsers ausschalten oder einzelne Webseiten blockieren, sonst speichert Ihr Browser diese automatisch auf Ihrem Rechner. Darauf k\u00f6nnen wir keinen Einflu\u00df nehmen. Bei Nichtzustimmung, ist die Nutzung unseres Online-Shops technisch nicht m\u00f6glich. <\/strong>Wenn Sie dennoch etwas bestellen wollen k\u00f6nnen Sie alle Artikel nat\u00fcrlich auch per E-Mail, telefonisch oder postalisch bestellen.<strong><br \/>\n<\/strong><\/p>\n<h2>Die Nutzung von Webseiten und die Benutzerfreundlichkeit wird ohne Cookies eingeschr\u00e4nkt.<\/h2>\n<p>Weiterf\u00fchrende Informationen zum <a href=\"https:\/\/www.ionos.de\/digitalguide\/websites\/webseiten-erstellen\/cookies-im-browser-deaktivieren\/\" target=\"_blank\" rel=\"noopener\"><strong>Deaktivieren<\/strong><\/a><strong> von Cookies<\/strong> in den Einstellungen Ihres Browsers <strong><a href=\"https:\/\/support.google.com\/accounts\/answer\/61416?co=GENIE.Platform%3DDesktop&amp;hl=de\" target=\"_blank\" rel=\"noopener\">Google Chrome<\/a>, <a href=\"https:\/\/support.mozilla.org\/de\/kb\/Cookies-blockieren\" target=\"_blank\" rel=\"noopener\">Firefox<\/a><\/strong> oder dem <a href=\"https:\/\/support.microsoft.com\/de-de\/help\/17442\/windows-internet-explorer-delete-manage-cookies\" target=\"_blank\" rel=\"noopener\">I<strong>nternet Explorer<\/strong><\/a> finden Sie auf entsprechenden Webseiten.<\/p>\n<p>Tracking- und Targeting-Cookies k\u00f6nnen verwendet werden um das Surf- und Nutzerverhalten zu analysieren und gezielte Werbema\u00dfnahmen zu platzieren. Wir verzichten bei unserer Webseite komplett auf diese M\u00f6glichkeiten und bel\u00e4stigen Sie nicht mit unerw\u00fcnschter Werbung.<\/p>\n<p>Bewusst verzichten wir auf Verarbeitungsprogramme, Newsletter-Tools (wie MailChimp) die Ihre Daten auf Servern ausserhalb der EU speichern und auf Newsletter-Tracking oder Analyseprogramme, da der Nutzen als Marketingtool f\u00fcr uns gering ist.<\/p>\n<p>Wir nutzen auf unserer Webseite keine Kommentarfunktion die evtl. Daten speichern k\u00f6nnte. Um Unklarheiten in der Datennutzung zu vermeiden gibt es auf unseren Seiten keine Verlinkung zu sozialen Medien wie Facebook. Wir nutzen und unterst\u00fctzen nicht Analysetools wie Google Analytics.<\/p>\n<p>Sie haben gesetzlich das Recht <strong>jederzeit die Offenlegung<\/strong> Ihrer personenbezogenen Daten und eine <strong>vollst\u00e4ndige L\u00f6schung<\/strong> zu verlangen. F\u00fcr die Sicherheit und L\u00f6schung Ihrer Daten verb\u00fcrgen wir uns pers\u00f6nlich. Wir geben selbstverst\u00e4ndlich auch <strong>keinerlei Daten an Dritte<\/strong> weiter. Vollst\u00e4ndige Hinweise finden Sie in unserer <a href=\"https:\/\/www.xn--die-pfeffermhlen-uzb.de\/datenschutzerklaerung\/\">DATENSCHUTZERKL\u00c4RUNG<\/a>.<\/p>\n<p>F\u00fcr Datenschutz Verantwortlicher Ralf K. Herzig (Adresse und weiteres im <a href=\"https:\/\/www.xn--die-pfeffermhlen-uzb.de\/impressum\/\">IMPRESSUM<\/a>).<\/p>\n<p>Stand 10.2019<\/p>","protected":false},"excerpt":{"rendered":"<p>Sorry, this entry is only available in German. For the sake of viewer convenience, the content is shown below in the alternative language. You may click the link to switch the active language. Cookies Wir als Webseitenbetreiber sind gesetzlich verpflichtet Sie (die Nutzer unserer Webseite) \u00fcber die Nutzung von Cookies zu informieren und Ihre Zustimmung [&hellip;]<\/p>\n","protected":false},"author":2,"featured_media":0,"parent":0,"menu_order":7,"comment_status":"closed","ping_status":"closed","template":"","meta":[],"_links":{"self":[{"href":"https:\/\/www.xn--die-pfeffermhlen-uzb.de\/en\/wp-json\/wp\/v2\/pages\/5689"}],"collection":[{"href":"https:\/\/www.xn--die-pfeffermhlen-uzb.de\/en\/wp-json\/wp\/v2\/pages"}],"about":[{"href":"https:\/\/www.xn--die-pfeffermhlen-uzb.de\/en\/wp-json\/wp\/v2\/types\/page"}],"author":[{"embeddable":true,"href":"https:\/\/www.xn--die-pfeffermhlen-uzb.de\/en\/wp-json\/wp\/v2\/users\/2"}],"replies":[{"embeddable":true,"href":"https:\/\/www.xn--die-pfeffermhlen-uzb.de\/en\/wp-json\/wp\/v2\/comments?post=5689"}],"version-history":[{"count":30,"href":"https:\/\/www.xn--die-pfeffermhlen-uzb.de\/en\/wp-json\/wp\/v2\/pages\/5689\/revisions"}],"predecessor-version":[{"id":6553,"href":"https:\/\/www.xn--die-pfeffermhlen-uzb.de\/en\/wp-json\/wp\/v2\/pages\/5689\/revisions\/6553"}],"wp:attachment":[{"href":"https:\/\/www.xn--die-pfeffermhlen-uzb.de\/en\/wp-json\/wp\/v2\/media?parent=5689"}],"curies":[{"name":"wp","href":"https:\/\/api.w.org\/{rel}","templated":true}]}}

<p class="qtranxs-available-languages-message qtranxs-available-languages-message-en">Sorry, this entry is only available in <a href="https://www.xn--die-pfeffermhlen-uzb.de/de/wp-json/wp/v2/pages/5689" class="qtranxs-available-language-link qtranxs-available-language-link-de" title="Deutsch">German</a>. For the sake of viewer convenience, the content is shown below in the alternative language. You may click the link to switch the active language.</p><p><div id="metaslider-id-3398" style="max-width: 700px;" class="ml-slider-3-108-0 metaslider metaslider-flex metaslider-3398 ml-slider ms-theme-default nav-hidden" role="region" aria-label="Neue Diashow" data-height="450" data-width="700">
    <div id="metaslider_container_3398">
        <div id="metaslider_3398" class="flexslider">
            <ul class='slides'>
                <li style="display: block; width: 100%;" class="slide-3399 ms-image " aria-roledescription="slide" data-date="2016-03-08 17:40:37" data-filename="2-unikate.png" data-slide-type="image"><img src="https://www.xn--die-pfeffermhlen-uzb.de/wp-content/uploads/2016/03/2-unikate.png" height="450" width="700" alt="Woodandform Salz- und Pfeffermühlen – Unikate in Handarbeit" class="slider-3398 slide-3399 msDefaultImage" title="Woodandform Salz- und Pfeffermühlen – Unikate in Handarbeit" /></li>
                <li style="display: none; width: 100%;" class="slide-3400 ms-image " aria-roledescription="slide" data-date="2016-03-08 17:40:38" data-filename="2-startmuehle.png" data-slide-type="image"><img src="https://www.xn--die-pfeffermhlen-uzb.de/wp-content/uploads/2016/03/2-startmuehle.png" height="450" width="700" alt="Woodandform Salz- und Pfeffermühlen – Unikate aus edlem Holz" class="slider-3398 slide-3400 msDefaultImage" title="Woodandform Salz- und Pfeffermühlen – Unikate aus edlem Holz" /></li>
                <li style="display: none; width: 100%;" class="slide-3401 ms-image " aria-roledescription="slide" data-date="2016-03-08 17:40:40" data-filename="2-pfeffer.png" data-slide-type="image"><img src="https://www.xn--die-pfeffermhlen-uzb.de/wp-content/uploads/2016/03/2-pfeffer.png" height="450" width="700" alt="Woodandform Salz- und Pfeffermühlen – Keramikmahlwerk einfach zubefüllen" class="slider-3398 slide-3401 msDefaultImage" title="Woodandform Salz- und Pfeffermühlen – Keramikmahlwerk einfach zubefüllen" /></li>
                <li style="display: none; width: 100%;" class="slide-3402 ms-image " aria-roledescription="slide" data-date="2016-03-08 17:40:41" data-filename="2-mahlwerk.png" data-slide-type="image"><img src="https://www.xn--die-pfeffermhlen-uzb.de/wp-content/uploads/2016/03/2-mahlwerk.png" height="450" width="700" alt="Woodandform Salz- und Pfeffermühlen – mit hochwertigem Keramikmahlwerk " class="slider-3398 slide-3402 msDefaultImage" title="Woodandform Salz- und Pfeffermühlen – mit hochwertigem Keramikmahlwerk " /></li>
                <li style="display: none; width: 100%;" class="slide-3403 ms-image " aria-roledescription="slide" data-date="2016-03-08 17:40:43" data-filename="2-grundform.png" data-slide-type="image"><img src="https://www.xn--die-pfeffermhlen-uzb.de/wp-content/uploads/2016/03/2-grundform.png" height="450" width="700" alt="Woodandform Salz- und Pfeffermühlen – mit quadratischer Grundform" class="slider-3398 slide-3403 msDefaultImage" title="Woodandform Salz- und Pfeffermühlen – mit quadratischer Grundform" /></li>
                <li style="display: none; width: 100%;" class="slide-3404 ms-image " aria-roledescription="slide" data-date="2016-03-08 17:40:44" data-filename="2-amboina.png" data-slide-type="image"><img src="https://www.xn--die-pfeffermhlen-uzb.de/wp-content/uploads/2016/03/2-amboina.png" height="450" width="700" alt="" class="slider-3398 slide-3404 msDefaultImage" /></li>
            </ul>
        </div>
        
    </div>
</div></p>
<h1>Cookies</h1>
<p><strong>Wir als Webseitenbetreiber</strong> sind gesetzlich verpflichtet Sie (die Nutzer unserer Webseite) über die <strong>Nutzung von Cookies zu informieren</strong> und <strong>Ihre Zustimmung</strong> zu dieser Nutzung durch eine <strong>eindeutige Handlung</strong>, also das Anklicken einer Zustimmung, einzuholen. Andernfalls dürfen keine Cookies verwendet werden und die Nutzung der Webseite wird durch Ihren Browser eingeschränkt. Der Informationspflicht kommen wir durch den sog. Cookie-Hinweis oder Cookie-Banner nach. Dieser erscheint bei der erstmaligen Nutzung unserer Webseite.</p>
<p>Über die <strong>Verwendung von Cookies</strong> auf Webseiten gibt es viele Unklarheiten. Cookies sind kleine Textinformationen, die <strong>durch Ihren Browser auf dem PC des Nutzers gespeichert</strong> werden. Ein Cookie wird genutzt, um mit einer Website verbundene Informationen für einige Zeit lokal auf dem Computer des Nutzers zu speichern und dem Server auf Anfrage wieder zu übermitteln. Dadurch kann der Anwender die Website für sich individualisieren. Cookies können außerdem verwendet werden, um Besucher zu authentifizieren, mit ihnen wird ein Sitzungsbezeichner (engl. Session-ID) gespeichert.</p>
<p><strong>Wir haben persönlich keinen Zugriff auf Daten aus Cookies.</strong></p>
<p>Ein Cookie enthält normalerweise eine Angabe über die Lebensdauer der Textdatei sowie eine zufällig generierte Nummer, über die Ihr Computer wiedererkannt wird. In der Regel erfolgt die Datenspeicherung von Cookies anonymisiert auf den PC des Nutzers. Personenbezogene Daten können nur dann gesammelt werden, wenn die entsprechende Seite ein Log-in (Registrierung) erfordert.</p>
<h2>Auf unserer Webseite können grundsätzlich alle Funktionen ohne Registrierung genutzt werden.</h2>
<p>Als Webseitenbetreiber können wir diese auf Technologie nicht nutzen um personenbezogene Daten zu speichern. Wir haben keinen persönlichen Zugriff auf die Informationen der Cookies, da sie durch den Browser auf dem PC des Nutzers gespeichert werden.</p>
<p><a href="https://www.xn--die-pfeffermhlen-uzb.de/wp-content/uploads/2019/10/Cookies-und-Woodandform-Salz-und-Pfeffermühlen.jpg"><img decoding="async" loading="lazy" class="alignleft wp-image-6543 size-medium" title="Cookies - Warnhinweis und Verwendung bei Woodandform - Der MühlenManufaktur" src="https://www.xn--die-pfeffermhlen-uzb.de/wp-content/uploads/2019/10/Cookies-und-Woodandform-Salz-und-Pfeffermühlen-210x300.jpg" alt="Cookies - Warnhinweis und Verwendung bei Woodandform - Der MühlenManufaktur" width="210" height="300" srcset="https://www.xn--die-pfeffermhlen-uzb.de/wp-content/uploads/2019/10/Cookies-und-Woodandform-Salz-und-Pfeffermühlen-210x300.jpg 210w, https://www.xn--die-pfeffermhlen-uzb.de/wp-content/uploads/2019/10/Cookies-und-Woodandform-Salz-und-Pfeffermühlen-350x500.jpg 350w, https://www.xn--die-pfeffermhlen-uzb.de/wp-content/uploads/2019/10/Cookies-und-Woodandform-Salz-und-Pfeffermühlen-500x714.jpg 500w, https://www.xn--die-pfeffermhlen-uzb.de/wp-content/uploads/2019/10/Cookies-und-Woodandform-Salz-und-Pfeffermühlen.jpg 560w" sizes="(max-width: 210px) 100vw, 210px" /></a>Für <strong>Nutzer unseres Online-Shops</strong> wird ein Cookie zur kurzzeitigen <strong>Speicherung eines Warenkorbes</strong> genutzt. Der Browser auf Ihrem PC kann durch ein Cookie dem Online-Shop zurück melden welche Artikel, ein Kunde in den virtuellen Warenkorb gelegt hat. Ohne diese Technik wäre die Nutzung des Online-Shops technisch nicht möglich. Da dieser Cookie durch den Browser des Nutzers auch auf dessen Computer gespeichert werden können Sie die <strong>Nutzung und Speicherung von Cookies</strong> in den Einstellungen Ihres Internet-Browsers grundsätzlich <strong>abstellen, selber regulieren oder löschen.</strong></p>
<p><strong>Falls Sie der Nutzung von Cookies nicht zustimmen, müssen Sie unbedingt die Verwendung von Cookies in den Einstellungen Ihres jeweiligen Browsers ausschalten oder einzelne Webseiten blockieren, sonst speichert Ihr Browser diese automatisch auf Ihrem Rechner. Darauf können wir keinen Einfluß nehmen. Bei Nichtzustimmung, ist die Nutzung unseres Online-Shops technisch nicht möglich. </strong>Wenn Sie dennoch etwas bestellen wollen können Sie alle Artikel natürlich auch per E-Mail, telefonisch oder postalisch bestellen.<strong><br />
</strong></p>
<h2>Die Nutzung von Webseiten und die Benutzerfreundlichkeit wird ohne Cookies eingeschränkt.</h2>
<p>Weiterführende Informationen zum <a href="https://www.ionos.de/digitalguide/websites/webseiten-erstellen/cookies-im-browser-deaktivieren/" target="_blank" rel="noopener"><strong>Deaktivieren</strong></a><strong> von Cookies</strong> in den Einstellungen Ihres Browsers <strong><a href="https://support.google.com/accounts/answer/61416?co=GENIE.Platform%3DDesktop&amp;hl=de" target="_blank" rel="noopener">Google Chrome</a>, <a href="https://support.mozilla.org/de/kb/Cookies-blockieren" target="_blank" rel="noopener">Firefox</a></strong> oder dem <a href="https://support.microsoft.com/de-de/help/17442/windows-internet-explorer-delete-manage-cookies" target="_blank" rel="noopener">I<strong>nternet Explorer</strong></a> finden Sie auf entsprechenden Webseiten.</p>
<p>Tracking- und Targeting-Cookies können verwendet werden um das Surf- und Nutzerverhalten zu analysieren und gezielte Werbemaßnahmen zu platzieren. Wir verzichten bei unserer Webseite komplett auf diese Möglichkeiten und belästigen Sie nicht mit unerwünschter Werbung.</p>
<p>Bewusst verzichten wir auf Verarbeitungsprogramme, Newsletter-Tools (wie MailChimp) die Ihre Daten auf Servern ausserhalb der EU speichern und auf Newsletter-Tracking oder Analyseprogramme, da der Nutzen als Marketingtool für uns gering ist.</p>
<p>Wir nutzen auf unserer Webseite keine Kommentarfunktion die evtl. Daten speichern könnte. Um Unklarheiten in der Datennutzung zu vermeiden gibt es auf unseren Seiten keine Verlinkung zu sozialen Medien wie Facebook. Wir nutzen und unterstützen nicht Analysetools wie Google Analytics.</p>
<p>Sie haben gesetzlich das Recht <strong>jederzeit die Offenlegung</strong> Ihrer personenbezogenen Daten und eine <strong>vollständige Löschung</strong> zu verlangen. Für die Sicherheit und Löschung Ihrer Daten verbürgen wir uns persönlich. Wir geben selbstverständlich auch <strong>keinerlei Daten an Dritte</strong> weiter. Vollständige Hinweise finden Sie in unserer <a href="https://www.xn--die-pfeffermhlen-uzb.de/datenschutzerklaerung/">DATENSCHUTZERKLÄRUNG</a>.</p>
<p>Für Datenschutz Verantwortlicher Ralf K. Herzig (Adresse und weiteres im <a href="https://www.xn--die-pfeffermhlen-uzb.de/impressum/">IMPRESSUM</a>).</p>
<p>Stand 10.2019</p>

<p>Sorry, this entry is only available in German. For the sake of viewer convenience, the content is shown below in the alternative language. You may click the link to switch the active language. Cookies Wir als Webseitenbetreiber sind gesetzlich verpflichtet Sie (die Nutzer unserer Webseite) über die Nutzung von Cookies zu informieren und Ihre Zustimmung [&hellip;]</p>
