{"id":1881,"date":"2015-01-14T09:06:57","date_gmt":"2015-01-14T09:06:57","guid":{"rendered":"http:\/\/www.xn--die-pfeffermhlen-uzb.de\/versandmethoden\/"},"modified":"2020-12-11T15:17:57","modified_gmt":"2020-12-11T15:17:57","slug":"versandmethoden","status":"publish","type":"page","link":"https:\/\/www.xn--die-pfeffermhlen-uzb.de\/en\/versandmethoden\/","title":{"rendered":"Versandmethoden"},"content":{"rendered":"<p class=\"qtranxs-available-languages-message qtranxs-available-languages-message-en\">Sorry, this entry is only available in <a href=\"https:\/\/www.xn--die-pfeffermhlen-uzb.de\/de\/wp-json\/wp\/v2\/pages\/1881\" class=\"qtranxs-available-language-link qtranxs-available-language-link-de\" title=\"Deutsch\">German<\/a>. For the sake of viewer convenience, the content is shown below in the alternative language. You may click the link to switch the active language.<\/p><p><div id=\"metaslider-id-3398\" style=\"max-width: 700px;\" class=\"ml-slider-3-108-0 metaslider metaslider-flex metaslider-3398 ml-slider ms-theme-default nav-hidden\" role=\"region\" aria-label=\"Neue Diashow\" data-height=\"450\" data-width=\"700\">\n    <div id=\"metaslider_container_3398\">\n        <div id=\"metaslider_3398\" class=\"flexslider\">\n            <ul class='slides'>\n                <li style=\"display: block; width: 100%;\" class=\"slide-3399 ms-image \" aria-roledescription=\"slide\" data-date=\"2016-03-08 17:40:37\" data-filename=\"2-unikate.png\" data-slide-type=\"image\"><img src=\"https:\/\/www.xn--die-pfeffermhlen-uzb.de\/wp-content\/uploads\/2016\/03\/2-unikate.png\" height=\"450\" width=\"700\" alt=\"Woodandform Salz- und Pfefferm\u00fchlen \u2013 Unikate in Handarbeit\" class=\"slider-3398 slide-3399 msDefaultImage\" title=\"Woodandform Salz- und Pfefferm\u00fchlen \u2013 Unikate in Handarbeit\" \/><\/li>\n                <li style=\"display: none; width: 100%;\" class=\"slide-3400 ms-image \" aria-roledescription=\"slide\" data-date=\"2016-03-08 17:40:38\" data-filename=\"2-startmuehle.png\" data-slide-type=\"image\"><img src=\"https:\/\/www.xn--die-pfeffermhlen-uzb.de\/wp-content\/uploads\/2016\/03\/2-startmuehle.png\" height=\"450\" width=\"700\" alt=\"Woodandform Salz- und Pfefferm\u00fchlen \u2013 Unikate aus edlem Holz\" class=\"slider-3398 slide-3400 msDefaultImage\" title=\"Woodandform Salz- und Pfefferm\u00fchlen \u2013 Unikate aus edlem Holz\" \/><\/li>\n                <li style=\"display: none; width: 100%;\" class=\"slide-3401 ms-image \" aria-roledescription=\"slide\" data-date=\"2016-03-08 17:40:40\" data-filename=\"2-pfeffer.png\" data-slide-type=\"image\"><img src=\"https:\/\/www.xn--die-pfeffermhlen-uzb.de\/wp-content\/uploads\/2016\/03\/2-pfeffer.png\" height=\"450\" width=\"700\" alt=\"Woodandform Salz- und Pfefferm\u00fchlen \u2013 Keramikmahlwerk einfach zubef\u00fcllen\" class=\"slider-3398 slide-3401 msDefaultImage\" title=\"Woodandform Salz- und Pfefferm\u00fchlen \u2013 Keramikmahlwerk einfach zubef\u00fcllen\" \/><\/li>\n                <li style=\"display: none; width: 100%;\" class=\"slide-3402 ms-image \" aria-roledescription=\"slide\" data-date=\"2016-03-08 17:40:41\" data-filename=\"2-mahlwerk.png\" data-slide-type=\"image\"><img src=\"https:\/\/www.xn--die-pfeffermhlen-uzb.de\/wp-content\/uploads\/2016\/03\/2-mahlwerk.png\" height=\"450\" width=\"700\" alt=\"Woodandform Salz- und Pfefferm\u00fchlen \u2013 mit hochwertigem Keramikmahlwerk \" class=\"slider-3398 slide-3402 msDefaultImage\" title=\"Woodandform Salz- und Pfefferm\u00fchlen \u2013 mit hochwertigem Keramikmahlwerk \" \/><\/li>\n                <li style=\"display: none; width: 100%;\" class=\"slide-3403 ms-image \" aria-roledescription=\"slide\" data-date=\"2016-03-08 17:40:43\" data-filename=\"2-grundform.png\" data-slide-type=\"image\"><img src=\"https:\/\/www.xn--die-pfeffermhlen-uzb.de\/wp-content\/uploads\/2016\/03\/2-grundform.png\" height=\"450\" width=\"700\" alt=\"Woodandform Salz- und Pfefferm\u00fchlen \u2013 mit quadratischer Grundform\" class=\"slider-3398 slide-3403 msDefaultImage\" title=\"Woodandform Salz- und Pfefferm\u00fchlen \u2013 mit quadratischer Grundform\" \/><\/li>\n                <li style=\"display: none; width: 100%;\" class=\"slide-3404 ms-image \" aria-roledescription=\"slide\" data-date=\"2016-03-08 17:40:44\" data-filename=\"2-amboina.png\" data-slide-type=\"image\"><img src=\"https:\/\/www.xn--die-pfeffermhlen-uzb.de\/wp-content\/uploads\/2016\/03\/2-amboina.png\" height=\"450\" width=\"700\" alt=\"\" class=\"slider-3398 slide-3404 msDefaultImage\" \/><\/li>\n            <\/ul>\n        <\/div>\n        \n    <\/div>\n<\/div><\/p>\n<h1>Hier unsere Versand- und Zahlungsinformationen<\/h1>\n<p>Wir versenden<strong> innerhalb Deutschlands versandkostenfrei<\/strong> mit DHL in der Regel innerhalb 24 Stunden nach Geldeingang, jedoch sp\u00e4testens innerhalb f\u00fcnf Werktagen.<\/p>\n<p>Wir versenden versicherungsbedingt nie mehr als zwei\u00a0Woodandform Salz- und Pfefferm\u00fchlen in einem Paket.<\/p>\n<p>Die Lieferung duch DHL dauert meist\u00a0nicht l\u00e4nger als 1 bis 2 Tage.<\/p>\n<p>Bitte vergessen Sie nicht Ihre <strong>vollst\u00e4ndige Postanschrift<\/strong> mitzuteilen.<\/p>\n<p>Leider k\u00f6nnen wir die erheblich<strong> h\u00f6heren Versandkosten ins Ausland<\/strong> nicht vollst\u00e4ndig \u00fcbernehmen. Daher w\u00e4hlen Sie beim Kaufabschluss die entsprechende Versandoption aus. Gegebenenfalls k\u00f6nnen Sie Ihr Land, die Stadt und die Postleitzahl um Ihre Versandkosten berechnen zu lassen.<\/p>\n<p>Von den Versandkosten nach \u00d6stereich von 15,99 \u20ac \u00fcbernehmen wir 5,99 \u20ac. Sie zahlen noch 10 \u20ac Versandkostenanteil ins Ausland.<\/p>\n<p>Die Versandkosten in die Schweiz betragen mindestens 26,90 \u20ac. Sie zahlen bei uns 25 \u20ac pauschal.<\/p>\n<p>Wir empfehlen unseren Schweizer Kunden gerne wenn m\u00f6glich eine Versandadresse in Deutschland zu w\u00e4hlen. Es gibt auch grenznahe Versand-Shops f\u00fcr Schweizer Kunden.<\/p>\n<p>Wir bitten Sie daher eine Anschrift in Deutschland mitzuteilen oder die Versandkosten von 25 \u20ac zu addieren.<\/p>\n<p>Beim Versand in die Schweiz k\u00f6nnen zus\u00e4tzlich Zollgeb\u00fchren anfallen. Wir k\u00f6nnen auch die Lieferzeit nicht absch\u00e4tzen da die Ware m\u00f6glicherweise beim Schweizer Zoll zwischen gelagert wird.<\/p>\n<p>Bitte erfragen Sie ggf. die Versandkosten in andere L\u00e4nder per <a href=\"http:\/\/www.xn--die-pfeffermhlen-uzb.de\/kontakt\/\">E-Mail Formular<\/a><\/p>\n<p>Versand innerhalb der Europ\u00e4ischen Gemeinschaft und GB kostet 15,99 \u20ac,<br \/>\nandere z.B.: T\u00fcrkei, Ukraine, Kanarische Inseln, GB Inseln 29,99 \u20ac, Russische F\u00f6deration 30,99 \u20ac, USA 36,99 \u20ac, weitere \u00dcbersee-Staaten 45,99 \u20ac<\/p>\n<p>(Stand Okt. 2019)<\/p>","protected":false},"excerpt":{"rendered":"<p>Sorry, this entry is only available in German. For the sake of viewer convenience, the content is shown below in the alternative language. You may click the link to switch the active language. Hier unsere Versand- und Zahlungsinformationen Wir versenden innerhalb Deutschlands versandkostenfrei mit DHL in der Regel innerhalb 24 Stunden nach Geldeingang, jedoch sp\u00e4testens [&hellip;]<\/p>\n","protected":false},"author":2,"featured_media":0,"parent":0,"menu_order":12,"comment_status":"closed","ping_status":"open","template":"","meta":[],"_links":{"self":[{"href":"https:\/\/www.xn--die-pfeffermhlen-uzb.de\/en\/wp-json\/wp\/v2\/pages\/1881"}],"collection":[{"href":"https:\/\/www.xn--die-pfeffermhlen-uzb.de\/en\/wp-json\/wp\/v2\/pages"}],"about":[{"href":"https:\/\/www.xn--die-pfeffermhlen-uzb.de\/en\/wp-json\/wp\/v2\/types\/page"}],"author":[{"embeddable":true,"href":"https:\/\/www.xn--die-pfeffermhlen-uzb.de\/en\/wp-json\/wp\/v2\/users\/2"}],"replies":[{"embeddable":true,"href":"https:\/\/www.xn--die-pfeffermhlen-uzb.de\/en\/wp-json\/wp\/v2\/comments?post=1881"}],"version-history":[{"count":9,"href":"https:\/\/www.xn--die-pfeffermhlen-uzb.de\/en\/wp-json\/wp\/v2\/pages\/1881\/revisions"}],"predecessor-version":[{"id":5791,"href":"https:\/\/www.xn--die-pfeffermhlen-uzb.de\/en\/wp-json\/wp\/v2\/pages\/1881\/revisions\/5791"}],"wp:attachment":[{"href":"https:\/\/www.xn--die-pfeffermhlen-uzb.de\/en\/wp-json\/wp\/v2\/media?parent=1881"}],"curies":[{"name":"wp","href":"https:\/\/api.w.org\/{rel}","templated":true}]}}

<p class="qtranxs-available-languages-message qtranxs-available-languages-message-en">Sorry, this entry is only available in <a href="https://www.xn--die-pfeffermhlen-uzb.de/de/wp-json/wp/v2/pages/1881" class="qtranxs-available-language-link qtranxs-available-language-link-de" title="Deutsch">German</a>. For the sake of viewer convenience, the content is shown below in the alternative language. You may click the link to switch the active language.</p><p><div id="metaslider-id-3398" style="max-width: 700px;" class="ml-slider-3-108-0 metaslider metaslider-flex metaslider-3398 ml-slider ms-theme-default nav-hidden" role="region" aria-label="Neue Diashow" data-height="450" data-width="700">
    <div id="metaslider_container_3398">
        <div id="metaslider_3398" class="flexslider">
            <ul class='slides'>
                <li style="display: block; width: 100%;" class="slide-3399 ms-image " aria-roledescription="slide" data-date="2016-03-08 17:40:37" data-filename="2-unikate.png" data-slide-type="image"><img src="https://www.xn--die-pfeffermhlen-uzb.de/wp-content/uploads/2016/03/2-unikate.png" height="450" width="700" alt="Woodandform Salz- und Pfeffermühlen – Unikate in Handarbeit" class="slider-3398 slide-3399 msDefaultImage" title="Woodandform Salz- und Pfeffermühlen – Unikate in Handarbeit" /></li>
                <li style="display: none; width: 100%;" class="slide-3400 ms-image " aria-roledescription="slide" data-date="2016-03-08 17:40:38" data-filename="2-startmuehle.png" data-slide-type="image"><img src="https://www.xn--die-pfeffermhlen-uzb.de/wp-content/uploads/2016/03/2-startmuehle.png" height="450" width="700" alt="Woodandform Salz- und Pfeffermühlen – Unikate aus edlem Holz" class="slider-3398 slide-3400 msDefaultImage" title="Woodandform Salz- und Pfeffermühlen – Unikate aus edlem Holz" /></li>
                <li style="display: none; width: 100%;" class="slide-3401 ms-image " aria-roledescription="slide" data-date="2016-03-08 17:40:40" data-filename="2-pfeffer.png" data-slide-type="image"><img src="https://www.xn--die-pfeffermhlen-uzb.de/wp-content/uploads/2016/03/2-pfeffer.png" height="450" width="700" alt="Woodandform Salz- und Pfeffermühlen – Keramikmahlwerk einfach zubefüllen" class="slider-3398 slide-3401 msDefaultImage" title="Woodandform Salz- und Pfeffermühlen – Keramikmahlwerk einfach zubefüllen" /></li>
                <li style="display: none; width: 100%;" class="slide-3402 ms-image " aria-roledescription="slide" data-date="2016-03-08 17:40:41" data-filename="2-mahlwerk.png" data-slide-type="image"><img src="https://www.xn--die-pfeffermhlen-uzb.de/wp-content/uploads/2016/03/2-mahlwerk.png" height="450" width="700" alt="Woodandform Salz- und Pfeffermühlen – mit hochwertigem Keramikmahlwerk " class="slider-3398 slide-3402 msDefaultImage" title="Woodandform Salz- und Pfeffermühlen – mit hochwertigem Keramikmahlwerk " /></li>
                <li style="display: none; width: 100%;" class="slide-3403 ms-image " aria-roledescription="slide" data-date="2016-03-08 17:40:43" data-filename="2-grundform.png" data-slide-type="image"><img src="https://www.xn--die-pfeffermhlen-uzb.de/wp-content/uploads/2016/03/2-grundform.png" height="450" width="700" alt="Woodandform Salz- und Pfeffermühlen – mit quadratischer Grundform" class="slider-3398 slide-3403 msDefaultImage" title="Woodandform Salz- und Pfeffermühlen – mit quadratischer Grundform" /></li>
                <li style="display: none; width: 100%;" class="slide-3404 ms-image " aria-roledescription="slide" data-date="2016-03-08 17:40:44" data-filename="2-amboina.png" data-slide-type="image"><img src="https://www.xn--die-pfeffermhlen-uzb.de/wp-content/uploads/2016/03/2-amboina.png" height="450" width="700" alt="" class="slider-3398 slide-3404 msDefaultImage" /></li>
            </ul>
        </div>
        
    </div>
</div></p>
<h1>Hier unsere Versand- und Zahlungsinformationen</h1>
<p>Wir versenden<strong> innerhalb Deutschlands versandkostenfrei</strong> mit DHL in der Regel innerhalb 24 Stunden nach Geldeingang, jedoch spätestens innerhalb fünf Werktagen.</p>
<p>Wir versenden versicherungsbedingt nie mehr als zwei Woodandform Salz- und Pfeffermühlen in einem Paket.</p>
<p>Die Lieferung duch DHL dauert meist nicht länger als 1 bis 2 Tage.</p>
<p>Bitte vergessen Sie nicht Ihre <strong>vollständige Postanschrift</strong> mitzuteilen.</p>
<p>Leider können wir die erheblich<strong> höheren Versandkosten ins Ausland</strong> nicht vollständig übernehmen. Daher wählen Sie beim Kaufabschluss die entsprechende Versandoption aus. Gegebenenfalls können Sie Ihr Land, die Stadt und die Postleitzahl um Ihre Versandkosten berechnen zu lassen.</p>
<p>Von den Versandkosten nach Östereich von 15,99 € übernehmen wir 5,99 €. Sie zahlen noch 10 € Versandkostenanteil ins Ausland.</p>
<p>Die Versandkosten in die Schweiz betragen mindestens 26,90 €. Sie zahlen bei uns 25 € pauschal.</p>
<p>Wir empfehlen unseren Schweizer Kunden gerne wenn möglich eine Versandadresse in Deutschland zu wählen. Es gibt auch grenznahe Versand-Shops für Schweizer Kunden.</p>
<p>Wir bitten Sie daher eine Anschrift in Deutschland mitzuteilen oder die Versandkosten von 25 € zu addieren.</p>
<p>Beim Versand in die Schweiz können zusätzlich Zollgebühren anfallen. Wir können auch die Lieferzeit nicht abschätzen da die Ware möglicherweise beim Schweizer Zoll zwischen gelagert wird.</p>
<p>Bitte erfragen Sie ggf. die Versandkosten in andere Länder per <a href="http://www.xn--die-pfeffermhlen-uzb.de/kontakt/">E-Mail Formular</a></p>
<p>Versand innerhalb der Europäischen Gemeinschaft und GB kostet 15,99 €,<br />
andere z.B.: Türkei, Ukraine, Kanarische Inseln, GB Inseln 29,99 €, Russische Föderation 30,99 €, USA 36,99 €, weitere Übersee-Staaten 45,99 €</p>
<p>(Stand Okt. 2019)</p>

<p>Sorry, this entry is only available in German. For the sake of viewer convenience, the content is shown below in the alternative language. You may click the link to switch the active language. Hier unsere Versand- und Zahlungsinformationen Wir versenden innerhalb Deutschlands versandkostenfrei mit DHL in der Regel innerhalb 24 Stunden nach Geldeingang, jedoch spätestens [&hellip;]</p>
