{"id":1880,"date":"2015-01-14T09:06:57","date_gmt":"2015-01-14T09:06:57","guid":{"rendered":"http:\/\/www.xn--die-pfeffermhlen-uzb.de\/widerrufsbelehrung\/"},"modified":"2021-05-21T10:30:03","modified_gmt":"2021-05-21T10:30:03","slug":"widerrufsbelehrung","status":"publish","type":"page","link":"https:\/\/www.xn--die-pfeffermhlen-uzb.de\/en\/widerrufsbelehrung\/","title":{"rendered":"Widerrufsbelehrung"},"content":{"rendered":"<p><\/p>\n<div><div id=\"metaslider-id-3398\" style=\"max-width: 700px;\" class=\"ml-slider-3-108-0 metaslider metaslider-flex metaslider-3398 ml-slider ms-theme-default nav-hidden nav-hidden\" role=\"region\" aria-label=\"Neue Diashow\" data-height=\"450\" data-width=\"700\">\n    <div id=\"metaslider_container_3398\">\n        <div id=\"metaslider_3398\" class=\"flexslider\">\n            <ul class='slides'>\n                <li style=\"display: block; width: 100%;\" class=\"slide-3399 ms-image \" aria-roledescription=\"slide\" data-date=\"2016-03-08 17:40:37\" data-filename=\"2-unikate.png\" data-slide-type=\"image\"><img src=\"https:\/\/www.xn--die-pfeffermhlen-uzb.de\/wp-content\/uploads\/2016\/03\/2-unikate.png\" height=\"450\" width=\"700\" alt=\"Woodandform Salz- und Pfefferm\u00fchlen \u2013 Unikate in Handarbeit\" class=\"slider-3398 slide-3399 msDefaultImage\" title=\"Woodandform Salz- und Pfefferm\u00fchlen \u2013 Unikate in Handarbeit\" \/><\/li>\n                <li style=\"display: none; width: 100%;\" class=\"slide-3400 ms-image \" aria-roledescription=\"slide\" data-date=\"2016-03-08 17:40:38\" data-filename=\"2-startmuehle.png\" data-slide-type=\"image\"><img src=\"https:\/\/www.xn--die-pfeffermhlen-uzb.de\/wp-content\/uploads\/2016\/03\/2-startmuehle.png\" height=\"450\" width=\"700\" alt=\"Woodandform Salz- und Pfefferm\u00fchlen \u2013 Unikate aus edlem Holz\" class=\"slider-3398 slide-3400 msDefaultImage\" title=\"Woodandform Salz- und Pfefferm\u00fchlen \u2013 Unikate aus edlem Holz\" \/><\/li>\n                <li style=\"display: none; width: 100%;\" class=\"slide-3401 ms-image \" aria-roledescription=\"slide\" data-date=\"2016-03-08 17:40:40\" data-filename=\"2-pfeffer.png\" data-slide-type=\"image\"><img src=\"https:\/\/www.xn--die-pfeffermhlen-uzb.de\/wp-content\/uploads\/2016\/03\/2-pfeffer.png\" height=\"450\" width=\"700\" alt=\"Woodandform Salz- und Pfefferm\u00fchlen \u2013 Keramikmahlwerk einfach zubef\u00fcllen\" class=\"slider-3398 slide-3401 msDefaultImage\" title=\"Woodandform Salz- und Pfefferm\u00fchlen \u2013 Keramikmahlwerk einfach zubef\u00fcllen\" \/><\/li>\n                <li style=\"display: none; width: 100%;\" class=\"slide-3402 ms-image \" aria-roledescription=\"slide\" data-date=\"2016-03-08 17:40:41\" data-filename=\"2-mahlwerk.png\" data-slide-type=\"image\"><img src=\"https:\/\/www.xn--die-pfeffermhlen-uzb.de\/wp-content\/uploads\/2016\/03\/2-mahlwerk.png\" height=\"450\" width=\"700\" alt=\"Woodandform Salz- und Pfefferm\u00fchlen \u2013 mit hochwertigem Keramikmahlwerk \" class=\"slider-3398 slide-3402 msDefaultImage\" title=\"Woodandform Salz- und Pfefferm\u00fchlen \u2013 mit hochwertigem Keramikmahlwerk \" \/><\/li>\n                <li style=\"display: none; width: 100%;\" class=\"slide-3403 ms-image \" aria-roledescription=\"slide\" data-date=\"2016-03-08 17:40:43\" data-filename=\"2-grundform.png\" data-slide-type=\"image\"><img src=\"https:\/\/www.xn--die-pfeffermhlen-uzb.de\/wp-content\/uploads\/2016\/03\/2-grundform.png\" height=\"450\" width=\"700\" alt=\"Woodandform Salz- und Pfefferm\u00fchlen \u2013 mit quadratischer Grundform\" class=\"slider-3398 slide-3403 msDefaultImage\" title=\"Woodandform Salz- und Pfefferm\u00fchlen \u2013 mit quadratischer Grundform\" \/><\/li>\n                <li style=\"display: none; width: 100%;\" class=\"slide-3404 ms-image \" aria-roledescription=\"slide\" data-date=\"2016-03-08 17:40:44\" data-filename=\"2-amboina.png\" data-slide-type=\"image\"><img src=\"https:\/\/www.xn--die-pfeffermhlen-uzb.de\/wp-content\/uploads\/2016\/03\/2-amboina.png\" height=\"450\" width=\"700\" alt=\"\" class=\"slider-3398 slide-3404 msDefaultImage\" \/><\/li>\n            <\/ul>\n        <\/div>\n        \n    <\/div>\n<\/div><\/div>\n<div>\n<h1>Widerrufsbelehrung im Online-Handel<\/h1>\n<\/div>\n<p>Widerrufsbelehrung<br \/>\nWiderrufsrecht Sie k\u00f6nnen Ihre Vertragserkl\u00e4rung innerhalb von 14 Tagen ohne Angabe von Gr\u00fcnden in Textform (z. B. Brief, E-Mail) oder \u2013 wenn Ihnen die Ware vor Fristablauf \u00fcberlassen wird \u2013 auch durch R\u00fccksendung der Ware widerrufen. Die Frist beginnt nach Erhalt dieser Belehrung in Textform, jedoch nicht vor Eingang der Ware beim Empf\u00e4nger (bei der wiederkehrenden Lieferung gleichartiger Waren nicht vor Eingang der ersten Teillieferung) und auch nicht vor Erf\u00fcllung unserer Informationspflichten gem\u00e4\u00df Artikel 246 \u00a7 2 in Verbindung mit \u00a7 1<br \/>\nAbsatz 1 und 2 EGBGB\u201c;. Zur Wahrung der Widerrufsfrist gen\u00fcgt die rechtzeitige Absendung des Widerrufs, oder der Sache. Der Widerruf ist zu richten an:<\/p>\n<p>Woodandform \u2013 Die M\u00fchlenManufaktur<br \/>\nD\u00f6rte Leiteritz &amp; Ralf K. Herzig<br \/>\nD-83254 Breitbrunn am Chiemsee, Gartenweg 1, Germany<\/p>\n<p>Tel.: +49 (0) 8054 950 97 49<br \/>\nMobil: +49 (0) 179 396 93 64<\/p>\n<p>E-Mail: <a href=\"mailto:%20info@woodandform.de\">info@woodandform.de<\/a><\/p>\n<p>Widerrufsfolgen<br \/>\nIm Falle eines wirksamen Widerrufs sind die beiderseits empfangenen Leistungen zur\u00fcckzugew\u00e4hren und ggf. gezogene Nutzungen (z. B. Zinsen) herauszugeben.<\/p>\n<p>K\u00f6nnen Sie uns die empfangene Leistung sowie Nutzungen (z. B. Gebrauchsvorteile) nicht oder teilweise nicht oder nur in verschlechtertem Zustand zur\u00fcckgew\u00e4hren beziehungsweise herausgeben, m\u00fcssen Sie uns insoweit Wertersatz leisten.<\/p>\n<p>F\u00fcr die Verschlechterung der Sache und f\u00fcr gezogene Nutzungen m\u00fcssen Sie Wertersatz nur leisten, soweit die Nutzungen oder die Verschlechterung auf einen Umgang mit der Sache zur\u00fcckzuf\u00fchren ist, der \u00fcber die Pr\u00fcfung der Eigenschaten und der Funktionsweise hinausgeht.<\/p>\n<p>Unter \u201ePr\u00fcfung der Eigenschaften und der Funktionsweise\u201c versteht man das Testen und Ausprobieren der jeweiligen Ware, wie es etwa im Ladengesch\u00e4ft m\u00f6glich und \u00fcblich ist.<\/p>\n<p>Paketversandf\u00e4hige Sachen sind auf unsere Kosten und Gefahr zur\u00fcckzusenden. Nicht paketversandf\u00e4hige Sachen werden bei Ihnen abgeholt.<br \/>\nSie haben die regelm\u00e4\u00dfigen Kosten der R\u00fccksendung zu tragen, wenn die gelieferte Ware der bestellten entspricht und wenn der Preis der zur\u00fcckzusendenden Sache einen Betrag von 40 Euro nicht \u00fcbersteigt oder wenn Sie bei einem h\u00f6heren Preis der Sache zum Zeitpunkt des Widerrufs noch nicht die Gegenleistung oder eine vertraglich vereinbarte Teilzahlung erbracht haben. Anderenfalls ist die R\u00fccksendung f\u00fcr Sie kostenfrei.<\/p>\n<p>Verpflichtungen zur Erstattung von Zahlungen m\u00fcssen innerhalb von 30 Tagen erf\u00fcllt werden. Die Frist beginnt f\u00fcr Sie mit der Absendung Ihrer Widerrufserkl\u00e4rung oder der Sache, f\u00fcr uns mit deren Empfang.<\/p>\n<p><em><strong>Ende der Widerrufsbelehrung.<\/strong><\/em><\/p>","protected":false},"excerpt":{"rendered":"<p>Widerrufsbelehrung im Online-Handel Widerrufsbelehrung Widerrufsrecht Sie k\u00f6nnen Ihre Vertragserkl\u00e4rung innerhalb von 14 Tagen ohne Angabe von Gr\u00fcnden in Textform (z. B. Brief, E-Mail) oder \u2013 wenn Ihnen die Ware vor Fristablauf \u00fcberlassen wird \u2013 auch durch R\u00fccksendung der Ware widerrufen. Die Frist beginnt nach Erhalt dieser Belehrung in Textform, jedoch nicht vor Eingang der Ware [&hellip;]<\/p>\n","protected":false},"author":2,"featured_media":0,"parent":0,"menu_order":9,"comment_status":"closed","ping_status":"open","template":"","meta":[],"_links":{"self":[{"href":"https:\/\/www.xn--die-pfeffermhlen-uzb.de\/en\/wp-json\/wp\/v2\/pages\/1880"}],"collection":[{"href":"https:\/\/www.xn--die-pfeffermhlen-uzb.de\/en\/wp-json\/wp\/v2\/pages"}],"about":[{"href":"https:\/\/www.xn--die-pfeffermhlen-uzb.de\/en\/wp-json\/wp\/v2\/types\/page"}],"author":[{"embeddable":true,"href":"https:\/\/www.xn--die-pfeffermhlen-uzb.de\/en\/wp-json\/wp\/v2\/users\/2"}],"replies":[{"embeddable":true,"href":"https:\/\/www.xn--die-pfeffermhlen-uzb.de\/en\/wp-json\/wp\/v2\/comments?post=1880"}],"version-history":[{"count":17,"href":"https:\/\/www.xn--die-pfeffermhlen-uzb.de\/en\/wp-json\/wp\/v2\/pages\/1880\/revisions"}],"predecessor-version":[{"id":7546,"href":"https:\/\/www.xn--die-pfeffermhlen-uzb.de\/en\/wp-json\/wp\/v2\/pages\/1880\/revisions\/7546"}],"wp:attachment":[{"href":"https:\/\/www.xn--die-pfeffermhlen-uzb.de\/en\/wp-json\/wp\/v2\/media?parent=1880"}],"curies":[{"name":"wp","href":"https:\/\/api.w.org\/{rel}","templated":true}]}}

<p></p>
<div><div id="metaslider-id-3398" style="max-width: 700px;" class="ml-slider-3-108-0 metaslider metaslider-flex metaslider-3398 ml-slider ms-theme-default nav-hidden nav-hidden" role="region" aria-label="Neue Diashow" data-height="450" data-width="700">
    <div id="metaslider_container_3398">
        <div id="metaslider_3398" class="flexslider">
            <ul class='slides'>
                <li style="display: block; width: 100%;" class="slide-3399 ms-image " aria-roledescription="slide" data-date="2016-03-08 17:40:37" data-filename="2-unikate.png" data-slide-type="image"><img src="https://www.xn--die-pfeffermhlen-uzb.de/wp-content/uploads/2016/03/2-unikate.png" height="450" width="700" alt="Woodandform Salz- und Pfeffermühlen – Unikate in Handarbeit" class="slider-3398 slide-3399 msDefaultImage" title="Woodandform Salz- und Pfeffermühlen – Unikate in Handarbeit" /></li>
                <li style="display: none; width: 100%;" class="slide-3400 ms-image " aria-roledescription="slide" data-date="2016-03-08 17:40:38" data-filename="2-startmuehle.png" data-slide-type="image"><img src="https://www.xn--die-pfeffermhlen-uzb.de/wp-content/uploads/2016/03/2-startmuehle.png" height="450" width="700" alt="Woodandform Salz- und Pfeffermühlen – Unikate aus edlem Holz" class="slider-3398 slide-3400 msDefaultImage" title="Woodandform Salz- und Pfeffermühlen – Unikate aus edlem Holz" /></li>
                <li style="display: none; width: 100%;" class="slide-3401 ms-image " aria-roledescription="slide" data-date="2016-03-08 17:40:40" data-filename="2-pfeffer.png" data-slide-type="image"><img src="https://www.xn--die-pfeffermhlen-uzb.de/wp-content/uploads/2016/03/2-pfeffer.png" height="450" width="700" alt="Woodandform Salz- und Pfeffermühlen – Keramikmahlwerk einfach zubefüllen" class="slider-3398 slide-3401 msDefaultImage" title="Woodandform Salz- und Pfeffermühlen – Keramikmahlwerk einfach zubefüllen" /></li>
                <li style="display: none; width: 100%;" class="slide-3402 ms-image " aria-roledescription="slide" data-date="2016-03-08 17:40:41" data-filename="2-mahlwerk.png" data-slide-type="image"><img src="https://www.xn--die-pfeffermhlen-uzb.de/wp-content/uploads/2016/03/2-mahlwerk.png" height="450" width="700" alt="Woodandform Salz- und Pfeffermühlen – mit hochwertigem Keramikmahlwerk " class="slider-3398 slide-3402 msDefaultImage" title="Woodandform Salz- und Pfeffermühlen – mit hochwertigem Keramikmahlwerk " /></li>
                <li style="display: none; width: 100%;" class="slide-3403 ms-image " aria-roledescription="slide" data-date="2016-03-08 17:40:43" data-filename="2-grundform.png" data-slide-type="image"><img src="https://www.xn--die-pfeffermhlen-uzb.de/wp-content/uploads/2016/03/2-grundform.png" height="450" width="700" alt="Woodandform Salz- und Pfeffermühlen – mit quadratischer Grundform" class="slider-3398 slide-3403 msDefaultImage" title="Woodandform Salz- und Pfeffermühlen – mit quadratischer Grundform" /></li>
                <li style="display: none; width: 100%;" class="slide-3404 ms-image " aria-roledescription="slide" data-date="2016-03-08 17:40:44" data-filename="2-amboina.png" data-slide-type="image"><img src="https://www.xn--die-pfeffermhlen-uzb.de/wp-content/uploads/2016/03/2-amboina.png" height="450" width="700" alt="" class="slider-3398 slide-3404 msDefaultImage" /></li>
            </ul>
        </div>
        
    </div>
</div></div>
<div>
<h1>Widerrufsbelehrung im Online-Handel</h1>
</div>
<p>Widerrufsbelehrung<br />
Widerrufsrecht Sie können Ihre Vertragserklärung innerhalb von 14 Tagen ohne Angabe von Gründen in Textform (z. B. Brief, E-Mail) oder – wenn Ihnen die Ware vor Fristablauf überlassen wird – auch durch Rücksendung der Ware widerrufen. Die Frist beginnt nach Erhalt dieser Belehrung in Textform, jedoch nicht vor Eingang der Ware beim Empfänger (bei der wiederkehrenden Lieferung gleichartiger Waren nicht vor Eingang der ersten Teillieferung) und auch nicht vor Erfüllung unserer Informationspflichten gemäß Artikel 246 § 2 in Verbindung mit § 1<br />
Absatz 1 und 2 EGBGB“;. Zur Wahrung der Widerrufsfrist genügt die rechtzeitige Absendung des Widerrufs, oder der Sache. Der Widerruf ist zu richten an:</p>
<p>Woodandform – Die MühlenManufaktur<br />
Dörte Leiteritz &amp; Ralf K. Herzig<br />
D-83254 Breitbrunn am Chiemsee, Gartenweg 1, Germany</p>
<p>Tel.: +49 (0) 8054 950 97 49<br />
Mobil: +49 (0) 179 396 93 64</p>
<p>E-Mail: <a href="mailto:%20info@woodandform.de">info@woodandform.de</a></p>
<p>Widerrufsfolgen<br />
Im Falle eines wirksamen Widerrufs sind die beiderseits empfangenen Leistungen zurückzugewähren und ggf. gezogene Nutzungen (z. B. Zinsen) herauszugeben.</p>
<p>Können Sie uns die empfangene Leistung sowie Nutzungen (z. B. Gebrauchsvorteile) nicht oder teilweise nicht oder nur in verschlechtertem Zustand zurückgewähren beziehungsweise herausgeben, müssen Sie uns insoweit Wertersatz leisten.</p>
<p>Für die Verschlechterung der Sache und für gezogene Nutzungen müssen Sie Wertersatz nur leisten, soweit die Nutzungen oder die Verschlechterung auf einen Umgang mit der Sache zurückzuführen ist, der über die Prüfung der Eigenschaten und der Funktionsweise hinausgeht.</p>
<p>Unter „Prüfung der Eigenschaften und der Funktionsweise“ versteht man das Testen und Ausprobieren der jeweiligen Ware, wie es etwa im Ladengeschäft möglich und üblich ist.</p>
<p>Paketversandfähige Sachen sind auf unsere Kosten und Gefahr zurückzusenden. Nicht paketversandfähige Sachen werden bei Ihnen abgeholt.<br />
Sie haben die regelmäßigen Kosten der Rücksendung zu tragen, wenn die gelieferte Ware der bestellten entspricht und wenn der Preis der zurückzusendenden Sache einen Betrag von 40 Euro nicht übersteigt oder wenn Sie bei einem höheren Preis der Sache zum Zeitpunkt des Widerrufs noch nicht die Gegenleistung oder eine vertraglich vereinbarte Teilzahlung erbracht haben. Anderenfalls ist die Rücksendung für Sie kostenfrei.</p>
<p>Verpflichtungen zur Erstattung von Zahlungen müssen innerhalb von 30 Tagen erfüllt werden. Die Frist beginnt für Sie mit der Absendung Ihrer Widerrufserklärung oder der Sache, für uns mit deren Empfang.</p>
<p><em><strong>Ende der Widerrufsbelehrung.</strong></em></p>

<p>Widerrufsbelehrung im Online-Handel Widerrufsbelehrung Widerrufsrecht Sie können Ihre Vertragserklärung innerhalb von 14 Tagen ohne Angabe von Gründen in Textform (z. B. Brief, E-Mail) oder – wenn Ihnen die Ware vor Fristablauf überlassen wird – auch durch Rücksendung der Ware widerrufen. Die Frist beginnt nach Erhalt dieser Belehrung in Textform, jedoch nicht vor Eingang der Ware [&hellip;]</p>
